, 101
What are the prime factors of 18873?
3, 233
What are the prime factors of 32737?
19, 1723
What are the prime factors of 739?
739
List the prime factors of 2876.
2, 719
List the prime factors of 1199.
11, 109
List the prime factors of 898.
2, 449
What are the prime factors of 30056?
2, 13, 17
What are the prime factors of 33595?
5, 6719
List the prime factors of 5642.
2, 7, 13, 31
List the prime factors of 935.
5, 11, 17
What are the prime factors of 655?
5, 131
List the prime factors of 1803.
3, 601
What are the prime factors of 7941?
3, 2647
List the prime factors of 9619.
9619
What are the prime factors of 1860?
2, 3, 5, 31
List the prime factors of 14961.
3, 4987
What are the prime factors of 75214?
2, 37607
What are the prime factors of 12024?
2, 3, 167
List the prime factors of 14086.
2, 7043
List the prime factors of 4718.
2, 7, 337
List the prime factors of 1953.
3, 7, 31
What are the prime factors of 744?
2, 3, 31
List the prime factors of 848.
2, 53
What are the prime factors of 87?
3, 29
What are the prime factors of 3531?
3, 11, 107
List the prime factors of 61943.
7, 8849
List the prime factors of 1811.
1811
List the prime factors of 921.
3, 307
List the prime factors of 6326.
2, 3163
List the prime factors of 2136.
2, 3, 89
List the prime factors of 16496.
2, 1031
What are the prime factors of 1153?
1153
What are the prime factors of 2595?
3, 5, 173
What are the prime factors of 8599?
8599
List the prime factors of 1056.
2, 3, 11
List the prime factors of 35860.
2, 5, 11, 163
What are the prime factors of 2017?
2017
List the prime factors of 6689.
6689
List the prime factors of 149922.
2, 3, 8329
List the prime factors of 77337.
3, 13, 661
What are the prime factors of 11910?
2, 3, 5, 397
List the prime factors of 31403.
31, 1013
What are the prime factors of 19972?
2, 4993
List the prime factors of 23370.
2, 3, 5, 19, 41
What are the prime factors of 2522?
2, 13, 97
List the prime factors of 84746.
2, 42373
What are the prime factors of 712?
2, 89
List the prime factors of 6213.
3, 19, 109
What are the prime factors of 652?
2, 163
List the prime factors of 7886.
2, 3943
What are the prime factors of 758?
2, 379
What are the prime factors of 8834?
2, 7, 631
List the prime factors of 25479.
3, 19, 149
What are the prime factors of 92881?
293, 317
What are the prime factors of 33765?
3, 5, 2251
List the prime factors of 2168.
2, 271
What are the prime factors of 2645?
5, 23
List the prime factors of 33497.
19, 41, 43
What are the prime factors of 48?
2, 3
List the prime factors of 1012.
2, 11, 23
List the prime factors of 226.
2, 113
List the prime factors of 1481.
1481
What are the prime factors of 98233?
23, 4271
What are the prime factors of 757?
757
What are the prime factors of 1581?
3, 17, 31
What are the prime factors of 19392?
2, 3, 101
List the prime factors of 1292.
2, 17, 19
What are the prime factors of 16650?
2, 3, 5, 37
List the prime factors of 937.
937
What are the prime factors of 5302?
2, 11, 241
What are the prime factors of 21176?
2, 2647
List the prime factors of 41894.
2, 20947
What are the prime factors of 12850?
2, 5, 257
List the prime factors of 774.
2, 3, 43
What are the prime factors of 67877?
103, 659
What are the prime factors of 104928?
2, 3, 1093
List the prime factors of 3772.
2, 23, 41
List the prime factors of 6076.
2, 7, 31
List the prime factors of 2500.
2, 5
What are the prime factors of 11301?
3, 3767
List the prime factors of 16462.
2, 8231
What are the prime factors of 912?
2, 3, 19
List the prime factors of 1839.
3, 613
What are the prime factors of 1795?
5, 359
What are the prime factors of 834?
2, 3, 139
List the prime factors of 824.
2, 103
What are the prime factors of 1318?
2, 659
List the prime factors of 75446.
2, 7, 17, 317
What are the prime factors of 4196?
2, 1049
What are the prime factors of 3843?
3, 7, 61
What are the prime factors of 631?
631
List the prime factors of 258.
2, 3, 43
What are the prime factors of 77994?
2, 3, 7, 619
List the prime factors of 3321.
3, 41
What are the prime factors of 235?
5, 47
What are the prime factors of 11416?
2, 1427
What are the prime factors of 739?
739
List the prime factors of 8069.
8069
What are the prime factors of 24004?
2, 17, 353
What are the prime factors of 9036?
2, 3, 251
List the prime factors of 7837.
17, 461
What are the prime factors of 17146?
2, 8573
What are the prime factors of 3257?
3257
List the prime factors of 13984.
2, 19, 23
List the prime factors of 58344.
2, 3, 11, 13, 17
List the prime factors of 20946.
2, 3, 3491
What are the prime factors of 815?
5, 163
What are the prime factors of 179335?
5, 13, 31, 89
List the prime factors of 32798.
2, 23, 31
List the prime factors of 21385.
5, 7, 13, 47
List the prime factors of 5892.
2, 3, 491
List the prime factors of 11616.
2, 3, 11
List the prime factors of 83581.
19, 53, 83
List the prime factors of 28206.
2, 3, 1567
List the prime factors of 635.
5, 127
List the prime factors of 703.
19, 37
What are the prime factors of 4592?
2, 7, 41
What are the prime factors of 4287?
3, 1429
What are the prime factors of 1334?
2, 23, 29
What are the prime factors of 67096?
2, 8387
List the prime factors of 626.
2, 313
What are the prime factors of 924?
2, 3, 7, 11
What are the prime factors of 27176?
2, 43, 79
List the prime factors of 1118.
2, 13, 43
List the prime factors of 161945.
5, 7, 661
List the prime factors of 4129.
4129
What are the prime factors of 696?
2, 3, 29
What are the prime factors of 775?
5, 31
List the prime factors of 3809.
13, 293
List the prime factors of 42833.
7, 29, 211
List the prime factors of 23213.
139, 167
List the prime factors of 12147.
3, 4049
What are the prime factors of 746?
2, 373
What are the prime factors of 4012?
2, 17, 59
List the prime factors of 15549.
3, 71, 73
List the prime factors of 14143.
14143
What are the prime factors of 58690?
2, 5, 5869
What are the prime factors of 2568?
2, 3, 107
List the prime factors of 60394.
2, 30197
What are the prime factors of 2120?
2, 5, 53
What are the prime factors of 113898?
2, 3, 41, 463
List the prime factors of 40024.
2, 5003
What are the prime factors of 1903?
11, 173
List the prime factors of 5463.
3, 607
List the prime factors of 171.
3, 19
What are the prime factors of 20218?
2, 11, 919
List the prime factors of 871.
13, 67
List the prime factors of 4961.
11, 41
What are the prime factors of 165802?
2, 7, 13, 911
What are the prime factors of 3138?
2, 3, 523
List the prime factors of 62287.
199, 313
List the prime factors of 828.
2, 3, 23
What are the prime factors of 57558?
2, 3, 53, 181
List the prime factors of 1079.
13, 83
What are the prime factors of 14493?
3, 4831
List the prime factors of 56073.
3, 18691
What are the prime factors of 607?
607
List the prime factors of 58227.
3, 13, 1493
List the prime factors of 1101.
3, 367
List the prime factors of 426.
2, 3, 71
List the prime factors of 5108.
2, 1277
List the prime factors of 5256.
2, 3, 73
List the prime factors of 778.
2, 389
List the prime factors of 1059.
3, 353
List the prime factors of 5106.
2, 3, 23, 37
What are the prime factors of 39153?
3, 31, 421
List the prime factors of 59985.
3, 5, 31, 43
List the prime factors of 35.
5, 7
List the prime factors of 7746.
2, 3, 1291
List the prime factors of 1726.
2, 863
What are the prime factors of 29517?
3, 9839
What are the prime factors of 17758?
2, 13, 683
List the prime factors of 2173.
41, 53
What are the prime factors of 73704?
2, 3, 37, 83
What are the prime factors of 21191?
21191
What are the prime factors of 1929?
3, 643
List the prime factors of 21745.
5, 4349
List the prime factors of 8705.
5, 1741
List the prime factors of 1355.
5, 271
List the prime factors of 8047.
13, 619
What are the prime factors of 3378?
2, 3, 563
What are the prime factors of 95535?
3, 5, 11, 193
What are the prime factors of 493?
17, 29
What are the prime factors of 2707?
2707
What are the prime factors of 13539?
3, 4513
List the prime factors of 13311.
3, 17, 29
What are the prime factors of 39397?
39397
What are the prime factors of 1638?
2, 3, 7, 13
List the prime factors of 3502.
2, 17, 103
List the prime factors of 1072.
2, 67
What are the prime factors of 384?
2, 3
What are th